ltiple of 27?
False
Is 560889526 a multiple of 5?
False
Is 12422552 a multiple of 4?
True
Is 38 a factor of 184879082?
True
Is 610529228 a multiple of 24?
False
Is 1321854402 a multiple of 66?
True
Is 192520928 a multiple of 614?
True
Is 204 a factor of 35490696?
True
Is 231419292 a multiple of 1688?
False
Is 23 a factor of 22185685?
True
Does 91 divide 2530890908?
True
Is 108 a factor of 29108540?
False
Is 6649756 a multiple of 103?
False
Does 6 divide 106541112?
True
Does 455 divide 98623750?
False
Is 610938697 a multiple of 1473?
False
Is 195914146 a multiple of 6?
False
Is 524707788 a multiple of 187?
True
Is 197 a factor of 2925450?
True
Is 44 a factor of 83238100?
True
Does 808 divide 395266948?
False
Is 45985532 a multiple of 29?
True
Is 631271036 a multiple of 11?
True
Is 20 a factor of 840903?
False
Is 29 a factor of 13667990?
True
Is 956 a factor of 12248272?
True
Is 5206982938 a multiple of 257?
True
Is 1908 a factor of 247660308?
True
Does 16 divide 54064848?
True
Is 28699795 a multiple of 329?
False
Is 47 a factor of 42074635?
True
Does 648 divide 111068925?
False
Is 2582698 a multiple of 26?
False
Is 97 a factor of 4039759?
True
Does 2632 divide 7580160?
True
Is 15545200 a multiple of 8?
True
Is 32178243 a multiple of 239?
True
Is 341544836 a multiple of 137?
True
Does 7 divide 506282?
True
Is 5172412 a multiple of 217?
True
Does 676 divide 166725936?
True
Is 8 a factor of 75350917?
False
Is 14 a factor of 1795581242?
True
Is 21289345 a multiple of 605?
True
Is 30258144 a multiple of 16?
True
Is 3 a factor of 215246466?
True
Is 5739156 a multiple of 295?
False
Is 20713406 a multiple of 174?
False
Is 35340679 a multiple of 3?
False
Does 14 divide 187432890?
False
Is 316 a factor of 125567340?
True
Does 79 divide 27292549?
False
Is 1233526206 a multiple of 11?
True
Is 30772785 a multiple of 365?
True
Does 467 divide 183128913?
True
Does 108 divide 1112792796?
True
Is 568513443 a multiple of 54?
False
Is 1029855 a multiple of 71?
True
Is 1826 a factor of 785709540?
True
Is 2 a factor of 41767131?
False
Is 20030811 a multiple of 117?
False
Is 533422710 a multiple of 222?
True
Does 1195 divide 67893925?
True
Is 4158 a factor of 118042788?
False
Is 75806120 a multiple of 20?
True
Is 3 a factor of 5667481?
False
Is 106 a factor of 30611873?
False
Is 1061139000 a multiple of 40?
True
Does 89 divide 128783765?
False
Is 15029919 a multiple of 15?
False
Does 613 divide 205919910?
False
Is 648 a factor of 106450848?
True
Does 383 divide 613620386?
True
Does 65 divide 94428360?
True
Is 67 a factor of 597573134?
True
Is 1466487324 a multiple of 12?
True
Does 45 divide 650544495?
False
Is 53624114 a multiple of 260?
False
Does 87 divide 3460976?
False
Is 138 a factor of 192899574?
True
Is 43024968 a multiple of 57?
True
Does 87 divide 66534729?
True
Is 872735032 a multiple of 67?
True
Is 789653634 a multiple of 40?
False
Does 21 divide 4011294?
True
Is 53 a factor of 244572348?
False
Is 514 a factor of 135334261?
False
Is 3932467896 a multiple of 1154?
False
Is 11 a factor of 8699812?
True
Is 235036194 a multiple of 7?
False
Is 232337742 a multiple of 5?
False
Is 1228285 a multiple of 167?
True
Is 1075840436 a multiple of 280?
False
Is 117 a factor of 5209776?
True
Is 297106140 a multiple of 1340?
True
Is 1496 a factor of 363223388?
False
Is 5 a factor of 45608798?
False
Is 79746615 a multiple of 2124?
False
Does 115 divide 826654688?
False
Does 1059 divide 633380487?
True
Is 11734290 a multiple of 15?
True
Is 1192533776 a multiple of 28?
True
Is 13 a factor of 206987026?
False
Is 41 a factor of 52608108?
False
Is 44272030 a multiple of 682?
True
Is 113 a factor of 149445051?
False
Is 498896608 a multiple of 388?
True
Is 6318 a factor of 1174788870?
False
Does 1064 divide 17754610?
False
Does 17 divide 71454533?
False
Does 957 divide 530794229?
False
Does 751 divide 12812811?
True
Does 363 divide 343580816?
False
Is 38413287 a multiple of 442?
False
Is 23506704 a multiple of 433?
True
Does 4 divide 7444719?
False
Does 47 divide 144284313?
True
Does 15 divide 10599595?
False
Is 1305688442 a multiple of 11?
False
Does 3 divide 350397275?
False
Does 611 divide 627615373?
False
Is 11 a factor of 111564563?
True
Is 1261168 a multiple of 16?
True
Is 51 a factor of 47018328?
True
Is 122 a factor of 7419761?
False
Does 11 divide 140735066?
False
Is 25886791 a multiple of 5509?
True
Is 618 a factor of 537451296?
False
Is 25 a factor of 360109125?
True
Is 1667 a factor of 1361475083?
False
Does 26 divide 2919500012?
True
Does 8 divide 197686865?
False
Does 150 divide 241801459?
False
Is 3124066206 a multiple of 7600?
False
Is 73165755 a multiple of 1329?
False
Is 610510988 a multiple of 2845?
False
Is 30 a factor of 790901973?
False
Does 797 divide 26203479?
False
Is 1065 a factor of 11151615?
True
Is 21 a factor of 15387515?
False
Is 207221652 a multiple of 19?
False
Is 1477 a factor of 278421899?
False
Is 1217377678 a multiple of 299?
False
Does 198 divide 1444576320?
True
Does 20 divide 105108260?
True
Is 5941976 a multiple of 7?
False
Does 1639 divide 715793?
False
Is 44561860 a multiple of 15?
False
Is 600 a factor of 357386949?
False
Does 186 divide 7906248?
False
Is 11 a factor of 18699866?
False
Is 633 a factor of 113175226?
False
Does 4503 divide 278983365?
True
Is 1456331848 a multiple of 1081?
True
Is 51 a factor of 4396923?
False
Does 14 divide 3514064040?
False
Does 70 divide 268509080?
True
Does 100 divide 117274000?
True
Does 828 divide 70413120?
True
Is 698075816 a multiple of 664?
True
Is 40 a factor of 153499880?
True
Is 14 a factor of 130058216?
False
Is 27150433 a multiple of 1763?
False
Is 5706528 a multiple of 61?
False
Is 1449 a factor of 254600150?
False
Is 5523 a factor of 4182363549?
True
Is 6 a factor of 8189022?
True
Is 10542254 a multiple of 9?
False
Is 1851 a factor of 59564920?
False
Is 2009819070 a multiple of 126?
True
Is 20818520 a multiple of 131?
True
Does 1547 divide 90609386?
False
Does 42 divide 68411742?
True
Does 13 divide 864985594?
False
Is 23 a factor of 1051141607?
True
Does 210 divide 56617890?
True
Is 63461284 a multiple of 5?
False
Is 247021904 a multiple of 4?
True
Does 2531 divide 30814925?
True
Does 38 divide 12588526?
True
Is 126811936 a multiple of 8?
True
Is 83376163 a multiple of 20?
False
Is 31 a factor of 20614991?
False
Is 1355 a factor of 617650717?
False
Is 101634310 a multiple of 57?
False
Does 12 divide 736466935?
False
Is 182586197 a multiple of 508?
False
Is 2 a factor of 55028280?
True
Does 120 divide 85640516?
False
Does 279 divide 564527962?
False
Is 3433730076 a multiple of 483?
True
Does 114 divide 584190673?
False
Is 1730358826 a multiple of 178?
True
Is 784693400 a multiple of 50?
True
Is 4309 a factor of 416520867?
True
Does 13 divide 32931878?
False
Is 868343100 a multiple of 246?
True
Is 64 a factor of 10572416?
True
Does 48 divide 241347410?
False
Is 413506237 a multiple of 59?
False
Is 53726634 a multiple of 3668?
False
Does 2 divide 3062162?
True
Does 4 divide 5498755?
False
Is 34818218 a multiple of 43?
True
Is 2293474 a multiple of 394?
True
Is 1260721266 a multiple of 242?
False
Is 8046488 a multiple of 302?
True
Is 1115 a factor of 1731199196?
False
Is 504 a factor of 56485350?
False
Is 154081973 a multiple of 17?
False
Is 2 a factor of 22560568?
True
Is 139957305 a multiple of 3149?
True
Does 109 divide 562926140?
True
Is 1040489 a multiple of 74?
False
Is 11 a factor of 1540240?
False
Is 351441426 a multiple of 483?
True
Is 17 a factor of 120047?
False
Is 262827710 a multiple of 10?
True
Is 50 a factor of 35400912?
False
Does 52 divide 2496461708?
True
Does 168 divide 66025344?
True
Is 18075034 a multiple of 31?
False
Is 20637592 a multiple of 1462?
True
Does 137 divide 2407319569?
False
Does 6811 divide 891265432?
False
Does 72 divide 1103904?
True
Is 4 a factor of 81450776?
True
Is 44390416 a multiple of 5017?
True
Is 913 a factor of 128439927?
True
Is 6243748 a multiple of 28?
True
Is 14495544 a multiple of 8?
True
Is 333 a factor of 131528340?
True
Is 80041456 a multiple of 28?
False
Does 2544 divide 308540083?
False
Is 332666824 a multiple of 14?
True
Is 118 a factor of 939311347?
False
Is 1544273131 a multiple of 15?
False
Does 154 divide 14889644?
True
Is 14263